1148 = -8*r. Calculate the highest common factor of 14 and r.
14
Let l = 103 - 40. Let q be l/(-12) - 6/8. Let s = 30 - q. What is the greatest common factor of s and 4?
4
Let y be -310 + 308 - (-306 + -2)/1. What is the greatest common factor of y and 238?
34
Let y = -9 + 13. Let x(u) = 2*u + 2. Let t be x(y). Suppose -20*s + 18*s + 20 = 0. Calculate the highest common divisor of t and s.
10
Suppose -2*q - 4*d = -22, 20 = 4*d + 4. Suppose -q*g = -3*f - 36, -3*g - f - 2 + 18 = 0. What is the highest common divisor of 35 and g?
7
Let t = -12 + 19. Suppose 3*p = 10 - t. Let i(k) = 10*k**2 - 2*k. Let b be i(p). What is the highest common divisor of b and 72?
8
Let l be 24/(-15)*20/(-8). Suppose 1 = -r, -l*s + 0*s - 2*r = -142. What is the greatest common divisor of s and 4?
4
Let y be (1 - -2)/((0 - 3)*-1). Let o be (-3800)/25*(0 - y). Calculate the greatest common divisor of 19 and o.
19
Suppose -4 = -o + 15. Calculate the greatest common divisor of o and 304.
19
Suppose -2*q + 43 = -97. Suppose 5*j + l - 28 = 0, -j - 3*l = -44 + 30. Calculate the highest common divisor of q and j.
5
Let q(h) = -h**2 - 8*h - 9. Let f be q(-8). Let n be (-3)/f + (-38)/(-3). Let s = 16 + 49. Calculate the highest common divisor of s and n.
13
Suppose 26*o - 10*o = -1824. Let h = o - -194. What is the greatest common divisor of 32 and h?
16
Suppose -2*l + 4*z - 18 = 14, -5*l = -5*z + 60. Suppose -8*m = 19 - 107. Let a = m + l. What is the greatest common divisor of 3 and a?
3
Let r(o) = -o - 2*o + 2*o. Let m be r(-2). Suppose 2*h - 28 + m = 0. What is the greatest common divisor of 39 and h?
13
Suppose -8 = c - 5*c. Let g = -83 + 154. Suppose 87 = 4*n + g. Calculate the highest common factor of c and n.
2
Let n be (-2)/2 + (-24)/((-12)/6). Suppose n*t - 158 = 557. Suppose -4*b + z + 104 = 0, b - 5*z = 11 + 15. Calculate the greatest common factor of b and t.
13
Suppose -3*s + 390 = 2*s. Suppose -33 = -z - 0*z + 5*k, -2*z + 30 = -k. What is the greatest common factor of z and s?
13
Let f(d) = d**3 + 4*d**2 - d - 1. Let x be f(-4). Suppose -5*u - 3*o = 2*o - 60, o = -x. What is the greatest common divisor of 75 and u?
15
Let q = 68 - 65. Suppose 0 = -4*h - q*h + 714. What is the greatest common divisor of h and 68?
34
Let h(k) = 9*k - 1. Let g be h(4). Let r = 46 - g. Calculate the highest common divisor of r and 99.
11
Let n(d) be the second derivative of -d**5/20 + d**4/4 + 2*d**3/3 + d**2 - 2*d. Let t be n(4). Let q = 83 - 81. What is the highest common factor of t and q?
2
Let t(c) = 10*c**3 - 3*c**2 + 3*c. Let y be t(1). Let v(o) = -4 - 5 + 1 + o. Let k be v(y). What is the highest common factor of k and 5?
1
Let l = -121 + 134. Let o(c) = 2*c**2 - 17*c. Let r be o(l). What is the greatest common factor of r and 13?
13
Suppose 4*i - 2*g - 232 = 2*i, 4*i - 419 = -5*g. Suppose -4*k + 74 = o, -o + 0*o + 4*k + 74 = 0. What is the greatest common divisor of i and o?
37
Suppose 0 = 4*k + 11*k - 675. What is the highest common factor of 5 and k?
5
Let v be (-1)/(-4) + (-282)/8. Suppose m - 4*o = -4*m - 25, 0 = -2*o. Let s be (-84)/v*m/(-2). What is the highest common factor of 6 and s?
6
Let c be (4/(-6) + 0)/((-18)/24921). What is the highest common divisor of c and 13?
13
Suppose -12*f = -359 - 73. What is the highest common factor of 1404 and f?
36
Let o(s) = -s**2 - 5. Let w be o(0). Let r(u) = -u - 3. Let a be r(w). Let z be (100/(-70))/(a/(-14)). What is the greatest common divisor of z and 15?
5
Suppose 0*i = 2*i - 2*s - 82, i - 46 = 2*s. Suppose -4*v + 226 + 278 = 0. Calculate the highest common divisor of v and i.
18
Let o(i) = i**3 + 30*i**2 + 35*i - 111. Let d be o(-28). What is the highest common factor of 53 and d?
53
Let v be (-6)/9*(5 + 1). Let o be 2/6 - (v - (-1162)/(-6)). What is the greatest common divisor of 22 and o?
22
Suppose 4*o + 1 - 13 = 0, 5*d - o - 4097 = 0. Calculate the greatest common divisor of 80 and d.
20
Let m(n) = 24*n - 264. Let a be m(13). What is the highest common factor of 18 and a?
6
Suppose 4*a + s + 32 = 6*a, -36 = -4*a - 5*s. What is the greatest common divisor of a and 903?
7
Let i be -130 + (462/121 - 4/(-22)). Let n = -87 - i. What is the greatest common factor of n and 65?
13
Let b(y) = 8*y + 16. Let n be (-132)/(-28) + (-6)/(-21). Let v be b(n). Calculate the highest common factor of v and 7.
7
Suppose 4*j + 4*h = h + 415, 405 = 4*j + h. What is the greatest common divisor of 125 and j?
25
Suppose 1248 = 5*x + x. Calculate the greatest common divisor of x and 26.
26
Let u(m) = -6*m + 2. Let j be u(-2). Let p = j + -13. Let k be 12*(46/6 - p). Calculate the greatest common divisor of k and 20.
20
Let u = 130 - 78. Calculate the highest common divisor of u and 52.
52
Let a be (3/(-8) - (-66)/48)*1758. What is the highest common divisor of a and 6?
6
Suppose 2*f - 4 = 3*f. Let m(a) = -4*a - 11. Let q be m(f). Calculate the greatest common divisor of 45 and q.
5
Suppose 9 = u + t, -2*u - 4*t = -3*u - 6. Suppose -d + 5*d = 2*z - u, 0 = 4*z + 2*d - 2. Calculate the greatest common divisor of z and 9.
1
Suppose -4*j = -52 + 44, 2484 = 2*s - 5*j. What is the highest common divisor of s and 43?
43
Suppose -r + 30 = 2*r. Let p = 86 - 46. What is the greatest common divisor of p and r?
10
Suppose 5*q = 3339 - 619. Calculate the greatest common factor of q and 34.
34
Suppose -22 = -5*t + 3*n + 6, -2*t + 3*n + 4 = 0. What is the greatest common factor of 56 and t?
8
Suppose 2*i - 6*i - 104 = -j, 3*j - 42 = 2*i. Let y be (11 - 2)/(((-3)/i)/1). What is the highest common divisor of 108 and y?
27
Let x be 900/12 + (-4 - -7). Calculate the greatest common divisor of x and 273.
39
Suppose -14 - 31 = -5*y. Let j(a) = -a - 2. Let t be j(-4). Suppose f = -3*w - 0*w + 163, -t*f = -4*w + 214. What is the greatest common divisor of w and y?
9
Suppose 2*s - 41 = -5*f, 2*s + 5*f = -2*s + 87. What is the highest common divisor of s and 1?
1
Suppose 3*d + 2*d - 10 = 0. Suppose 0*z - d*z + 2*m + 12 = 0, 0 = 2*z + m. Let c(j) = -5*j + 2. Let n be c(-4). What is the highest common divisor of z and n?
2
Let k be (-275)/(3 + -14) + 7. Calculate the highest common divisor of k and 1184.
32
Let a be -2 + (3/4)/((-12)/(-32)). Suppose -2*i + c + 39 = a, -52 = -3*i - 3*c - 2*c. What is the greatest common divisor of i and 171?
19
Suppose -52*k + 66*k = 448. Calculate the greatest common factor of 24 and k.
8
Let y(r) = 6*r**3 - 10*r**2 + 5*r + 1. Let s(f) = f**3. Let n(d) = 5*s(d) - y(d). Let k be n(9). Calculate the greatest common factor of k and 7.
7
Let a be (3/4)/((-6)/(-16)). Suppose 2 = -2*m + 4*r - a, -3*r = -3*m + 3. What is the highest common factor of 2 and m?
2
Let p(s) = s**2 - 3*s - 5. Let b be p(6). Calculate the highest common divisor of b and 7.
1
Suppose 5*q - 249 = -5*d + 401, -5*q + 3*d = -650. What is the greatest common factor of 6 and q?
2
Suppose 16*f + 490 = 6*f. Suppose 3*m = 3*k - m + 253, m - 1 = 0. Let r = f - k. What is the highest common factor of 51 and r?
17
Suppose -4*i - 6 = -q, 0*i = 3*q + i - 83. Suppose -2*m - 4*f + 29 = -109, 3*f = 6. Suppose -p = -6*p + m. What is the greatest common factor of q and p?
13
Suppose 67*y - 70*y = -1890. What is the greatest common divisor of y and 140?
70
Suppose 3*q - 66 = 4*s - 5*s, 0 = -3*s + 9. Suppose q = w - 2. Let l be (-1 + 0)/(2/(-46)). What is the highest common factor of w and l?
23
Let c be (-6)/9*54/(-4). What is the highest common divisor of 117 and c?
9
Suppose 2*r - 14 = 26. Suppose i + 2200 = 23*i. Calculate the highest common divisor of r and i.
20
Let i be 28/3 + 4/6. Let d = 16 - i. Let q be (-1 - -4) + (-3)/(-1). What is the greatest common factor of q and d?
6
Let c be 1287/3 + (1 + -2)*4. Let n = c + -249. What is the highest common divisor of 22 and n?
22
Suppose -256 = -5*n + 2*i, n + 10*i = 8*i + 56. Calculate the highest common divisor of n and 130.
26
Suppose -8*u - 81 = -11*u - l, 4*u - 4*l = 124. Let z(w) = -10*w + 2. Suppose 2*b = 6*b + 16. Let q be z(b). Calculate the highest common factor of q and u.
14
Let l(f) = f**2 + 21*f - 16. Let z be l(-23). What is the greatest common divisor of z and 290?
10
Let f be (-252)/(-16) - 1/(-4). Let q be 2 + (-2 - -5) - -43. Calculate the highest common factor of f and q.
16
Let r(x) = x**3 + 5*x**2 - x - 3. Let z